, 139
List the prime factors of 3399550.
2, 5, 7, 11, 883
List the prime factors of 10820969.
67, 161507
List the prime factors of 55176.
2, 3, 11, 19
What are the prime factors of 145291?
23, 6317
List the prime factors of 19915352.
2, 83, 89, 337
What are the prime factors of 238385?
5, 7, 139
What are the prime factors of 426001?
43, 9907
What are the prime factors of 289296?
2, 3, 7, 41
List the prime factors of 189472.
2, 31, 191
What are the prime factors of 21777981?
3, 7259327
List the prime factors of 4392098.
2, 2196049
List the prime factors of 12003.
3, 4001
What are the prime factors of 1014924?
2, 3, 83, 1019
List the prime factors of 14970537.
3, 19, 87547
List the prime factors of 2798691.
3, 7, 133271
List the prime factors of 73422.
2, 3, 4079
What are the prime factors of 3100108?
2, 11, 70457
What are the prime factors of 846062?
2, 7, 223, 271
List the prime factors of 6252319.
283, 22093
What are the prime factors of 1892085?
3, 5, 13, 31, 313
List the prime factors of 288187.
97, 2971
List the prime factors of 463343.
463343
What are the prime factors of 6605?
5, 1321
List the prime factors of 68906.
2, 131, 263
What are the prime factors of 369942?
2, 3, 61657
What are the prime factors of 21600338?
2, 79, 136711
List the prime factors of 248909.
248909
What are the prime factors of 4012564?
2, 1003141
What are the prime factors of 14693561?
53, 107, 2591
List the prime factors of 68329.
68329
List the prime factors of 6812825.
5, 29, 9397
What are the prime factors of 533322?
2, 3, 29629
What are the prime factors of 396239?
396239
List the prime factors of 1197546.
2, 3, 7, 28513
List the prime factors of 748280.
2, 5, 13, 1439
What are the prime factors of 8884496?
2, 53, 10477
What are the prime factors of 473944?
2, 59243
List the prime factors of 3116499.
3, 1038833
List the prime factors of 142102.
2, 227, 313
What are the prime factors of 42657?
3, 59, 241
What are the prime factors of 63581?
7, 31, 293
What are the prime factors of 956899?
41, 23339
List the prime factors of 5538881.
641, 8641
List the prime factors of 1068748.
2, 267187
What are the prime factors of 516755?
5, 181, 571
What are the prime factors of 334673?
23, 14551
List the prime factors of 74499.
3, 19, 1307
What are the prime factors of 299960?
2, 5, 7499
List the prime factors of 30725.
5, 1229
List the prime factors of 139443.
3, 53, 877
What are the prime factors of 44861?
113, 397
List the prime factors of 631273.
631273
What are the prime factors of 588044?
2, 147011
What are the prime factors of 4389458?
2, 23, 37, 2579
List the prime factors of 615267.
3, 137, 499
What are the prime factors of 4191707?
13, 17, 1459
List the prime factors of 37469.
89, 421
List the prime factors of 4929573.
3, 11, 149381
What are the prime factors of 7079358?
2, 3, 11, 13, 37, 223
What are the prime factors of 14534680?
2, 5, 363367
What are the prime factors of 11084?
2, 17, 163
What are the prime factors of 1183152?
2, 3, 157
What are the prime factors of 138879?
3, 13, 1187
List the prime factors of 176147.
353, 499
List the prime factors of 298903.
11, 29, 937
List the prime factors of 1304668.
2, 61, 5347
List the prime factors of 3309594.
2, 3, 17, 71, 457
What are the prime factors of 1815198?
2, 3, 7, 11, 3929
What are the prime factors of 249536?
2, 7, 557
What are the prime factors of 182490?
2, 3, 5, 7, 11, 79
List the prime factors of 974072.
2, 11, 11069
What are the prime factors of 26610404?
2, 311, 21391
List the prime factors of 46785.
3, 5, 3119
List the prime factors of 1036130.
2, 5, 103613
List the prime factors of 10153246.
2, 43, 118061
What are the prime factors of 744228?
2, 3, 2297
What are the prime factors of 15337951?
15337951
List the prime factors of 145148.
2, 131, 277
List the prime factors of 34076230.
2, 5, 179, 19037
What are the prime factors of 394134?
2, 3, 13, 31, 163
List the prime factors of 5487408.
2, 3, 53, 719
What are the prime factors of 1867610?
2, 5, 186761
What are the prime factors of 57018?
2, 3, 13, 17, 43
List the prime factors of 7510883.
643, 11681
What are the prime factors of 1292978?
2, 139, 4651
What are the prime factors of 206169?
3, 19, 3617
List the prime factors of 126712.
2, 47, 337
List the prime factors of 59788.
2, 14947
List the prime factors of 7657416.
2, 3, 13, 101
List the prime factors of 4991176.
2, 41, 15217
What are the prime factors of 1166?
2, 11, 53
List the prime factors of 492250.
2, 5, 11, 179
What are the prime factors of 196837?
196837
What are the prime factors of 98855?
5, 17, 1163
List the prime factors of 17761818.
2, 3, 2960303
What are the prime factors of 26189521?
193, 135697
What are the prime factors of 807116?
2, 23, 31, 283
What are the prime factors of 629777?
37, 17021
List the prime factors of 8035258.
2, 7, 11, 52177
What are the prime factors of 1333738?
2, 7, 95267
What are the prime factors of 1786340?
2, 5, 89317
List the prime factors of 210542.
2, 23, 199
List the prime factors of 355.
5, 71
What are the prime factors of 53855?
5, 10771
What are the prime factors of 388584?
2, 3, 7, 257
What are the prime factors of 16888443?
3, 11, 13, 39367
What are the prime factors of 365339?
13, 157, 179
List the prime factors of 488804.
2, 122201
What are the prime factors of 52506?
2, 3, 2917
What are the prime factors of 5738824?
2, 7, 13, 7883
What are the prime factors of 1584919?
7, 257, 881
List the prime factors of 4343104.
2, 79, 859
What are the prime factors of 372038?
2, 186019
What are the prime factors of 4898738?
2, 13, 29, 73, 89
List the prime factors of 6043251.
3, 211, 9547
What are the prime factors of 343775?
5, 13751
What are the prime factors of 136090?
2, 5, 31, 439
List the prime factors of 3649172.
2, 223, 4091
What are the prime factors of 4721500?
2, 5, 7, 19, 71
What are the prime factors of 916645?
5, 183329
What are the prime factors of 146996?
2, 36749
List the prime factors of 35571.
3, 71, 167
List the prime factors of 178618.
2, 11, 23, 353
What are the prime factors of 981529?
17, 57737
List the prime factors of 8504423.
8504423
List the prime factors of 424114.
2, 212057
List the prime factors of 1451248.
2, 90703
What are the prime factors of 13489875?
3, 5, 7, 571
What are the prime factors of 237786?
2, 3, 39631
List the prime factors of 2209173.
3, 23, 101, 317
List the prime factors of 61196.
2, 15299
List the prime factors of 7346163.
3, 11, 31, 43, 167
What are the prime factors of 293769?
3, 7, 4663
What are the prime factors of 2184166?
2, 61, 17903
List the prime factors of 1749634.
2, 19, 41, 1123
List the prime factors of 58195.
5, 103, 113
List the prime factors of 130872.
2, 3, 7, 19, 41
List the prime factors of 221756.
2, 55439
List the prime factors of 1163948.
2, 290987
What are the prime factors of 2120497?
131, 16187
What are the prime factors of 1877583?
3, 625861
What are the prime factors of 690680?
2, 5, 31, 557
What are the prime factors of 58265?
5, 43, 271
List the prime factors of 508496.
2, 61, 521
What are the prime factors of 650229?
3, 216743
What are the prime factors of 10990010?
2, 5, 47, 67, 349
List the prime factors of 458451.
3, 7, 19, 383
What are the prime factors of 258562?
2, 129281
List the prime factors of 404006.
2, 79, 2557
What are the prime factors of 614063?
614063
List the prime factors of 416995.
5, 83399
List the prime factors of 19741032.
2, 3, 487, 563
What are the prime factors of 225091?
31, 53, 137
List the prime factors of 12420097.
12420097
List the prime factors of 40180.
2, 5, 7, 41
List the prime factors of 2514457.
11, 228587
List the prime factors of 4430038.
2, 151, 14669
What are the prime factors of 5190778?
2, 23, 112843
List the prime factors of 620603.
620603
What are the prime factors of 1181559?
3, 393853
List the prime factors of 4002082.
2, 7, 179, 1597
What are the prime factors of 366709?
7, 52387
What are the prime factors of 3724281?
3, 11, 37619
What are the prime factors of 133355?
5, 149, 179
List the prime factors of 27825344.
2, 59, 7369
What are the prime factors of 1888200?
2, 3, 5, 1049
List the prime factors of 15069493.
15069493
What are the prime factors of 4259656?
2, 17, 31321
List the prime factors of 1558317.
3, 269, 1931
